202212000201
-321624 (base 7) to base 10
-55878
What is 33a4b73 (base 12) in base 8?
45657607
-3365500 (base 7) to base 14
-acd70
Convert -1363027 (base 8) to base 9.
-648256
What is 410144515 (base 6) in base 14?
d0778b
What is -c31b (base 13) in base 2?
-110100100001111
What is -230224000 (base 6) in base 11?
-242109a
230678 (base 9) to base 2
100001110001100010
Convert -a0bb4 (base 16) to base 3.
-1020110002120
What is e0a0 (base 15) in base 12?
23520
-146ce (base 15) to base 7
-362312
What is -6824634 (base 10) in base 16?
-6822ba
503054154 (base 6) to base 15
b3bec7
3d39 (base 16) to base 2
11110100111001
Convert 40012550 (base 6) to base 7.
12351132
What is -2407776 (base 10) in base 8?
-11136540
Convert 131013331130 (base 4) to base 10.
7634780
What is -7f4168 (base 16) in base 6?
-454430132
16951 (base 16) to base 7
533446
What is -3130203130 (base 4) in base 7?
-10451533
Convert 54dc94 (base 16) to base 4.
111031302110
-100100011000011110 (base 2) to base 4
-210120132
Convert -13ccd (base 14) to base 11.
-33a50
What is 135021 (base 9) in base 13?
2b672
What is -10113133 (base 6) in base 5?
-33232323
What is -1565314 (base 7) in base 8?
-651553
Convert -111010010111010001000 (base 2) to base 3.
-10121011101201
What is -3889212 (base 11) in base 12?
-2308119
2133431413 (base 5) to base 12
16559b9
What is 22777 (base 14) in base 15?
19c67
Convert -226948 (base 12) to base 5.
-120111411
Convert 91b03 (base 16) to base 15.
bbc29
What is 680a291 (base 11) in base 2?
101101100000111100100010
Convert 11111010110011111 (base 2) to base 11.
88531
a7c9b2 (base 14) to base 16
56b350
-1db33 (base 15) to base 14
-27503
-564053 (base 7) to base 9
-161865
-1021224440 (base 5) to base 6
-113415320
Convert -10100010110111011101 (base 2) to base 14.
-135181
Convert 800ea4 (base 15) to base 6.
334140144
What is -4431035 (base 6) in base 2?
-110110001010011111
What is 659b79 (base 12) in base 15?
21d2d6
-53133343 (base 6) to base 11
-970126
What is 22c208 (base 14) in base 10?
1185808
Convert 40554113 (base 6) to base 3.
2012020110200
150864 (base 10) to base 13
5388c
What is ba7287 (base 13) in base 3?
22020210222220
Convert 1204414 (base 7) to base 8.
452412
What is 271c1a (base 13) in base 12?
397a89
70a9d6 (base 14) to base 8
16362360
Convert 137a61 (base 15) to base 8.
3446400
Convert -1361313 (base 8) to base 6.
-12133455
-20122001020120 (base 3) to base 4
-31130121003
Convert 201444 (base 10) to base 2.
110001001011100100
-23322303122 (base 4) to base 12
-1068162
What is 43697 (base 13) in base 4?
131301311
What is 4a53196 (base 11) in base 4?
201132020202
Convert 102233310 (base 5) to base 9.
725423
Convert -1100011111000001111 (base 2) to base 6.
-12433555
What is -1000000122 (base 4) in base 3?
-111022122000
-102112001220 (base 3) to base 10
-226770
-101213311000 (base 4) to base 12
-1669454
What is 110122100000002 (base 3) in base 12?
2300002
-2820a02 (base 11) to base 13
-101304b
Convert 45162 (base 11) to base 12.
31a28
What is -316119 (base 15) in base 16?
-23d8c1
d52927 (base 14) to base 2
11011011011101000100111
20122122120222 (base 3) to base 4
31133103101
What is -2536758 (base 9) in base 11?
-864a15
Convert -12272 (base 16) to base 9.
-122885
Convert 634421 (base 7) to base 14.
2bd48
Convert -472532 (base 9) to base 4.
-1011111233
41214401 (base 5) to base 2
1010001111011110001
What is -4909a7 (base 11) in base 14?
-16332b
What is 4358114 (base 9) in base 8?
10735412
What is 627011 (base 10) in base 15?
c5bab
220623 (base 7) to base 4
21131013
-1001110100100111101 (base 2) to base 11
-1aa8a4
148613 (base 9) to base 13
3291c
What is -262945 (base 13) in base 5?
-213414144
What is 8aca (base 13) in base 15?
5b57
Convert -32bca (base 16) to base 5.
-23122233
Convert 70784 (base 12) to base 6.
3045044
Convert 11b346 (base 13) to base 8.
1475212
e8652 (base 15) to base 14
152917
What is 1182216 (base 9) in base 6?
21452153
Convert -100100111111101100 (base 2) to base 6.
-3125312
Convert 202233223213 (base 4) to base 11.
5161141
Convert -101312213231 (base 4) to base 12.
-1698525
10541245 (base 8) to base 6
120454313
Convert -20552045 (base 6) to base 9.
-1122762
Convert 489751 (base 11) to base 10.
774214
a4bd8 (base 14) to base 11
2516a8
b81899 (base 13) to base 14
805054
What is -7a00c (base 13) in base 7?
-1612652
What is 7753682 (base 10) in base 12?
271b102
What is 17618 (base 12) in base 7?
200204
13033201 (base 4) to base 12
15201
Convert -117111 (base 11) to base 14.
-4b686
What is -32987a (base 13) in base 6?
-41315323
What is -30f3c (base 16) in base 9?
-335036
211355155 (base 7) to base 5
11202110044
Convert 2022384 (base 11) to base 12.
1245201
What is 86982 (base 13) in base 6?
5114213
2c3acc (base 13) to base 11
687844
-122021010210202 (base 3) to base 2
-100011000000000000001100
-2761618 (base 9) to base 12
-61195b
25c680 (base 15) to base 3
10102011010110
What is -102003122 (base 4) in base 2?
-10010000011011010
Convert 541402 (base 7) to base 9.
153164
22121021 (base 3) to base 10
6271
What is 17060b (base 12) in base 3?
202001122102
What is -14069 (base 16) in base 11?
-56699
What is 10123b1 (base 14) in base 7?
121244111
Convert 1142471 (base 8) to base 4.
1030110321
What is -1441040130 (base 6) in base 11?
-a162522
100110011110110 (base 2) to base 13
8c77
-12111100122 (base 3) to base 8
-323170
Convert -5853185 (base 9) to base 14.
-5c5495
What is 3422354 (base 9) in base 6?
103315251
2243100 (base 6) to base 4
130000230
136435462 (base 7) to base 12
302a6ba
Convert -1850d (base 15) to base 3.
-11000001011
What is 1b12040 (base 12) in base 8?
25731260
Convert -5522122 (base 8) to base 13.
-3cc52c
What is 13bad (base 15) in base 4?
33132130
Convert -442a42 (base 11) to base 9.
-1286346
What is -325671 (base 13) in base 11?
-738969
What is -2306877 (base 11) in base 8?
-17311361
Convert -23261416 (base 7) to base 14.
-3b480d
Convert 251062 (base 8) to base 7.
510262
657500 (base 8) to base 5
24032432
11341135 (base 6) to base 15
7046e
What is 89b426 (base 14) in base 10?
4679338
4532151 (base 6) to base 15
481b1
Convert 346373 (base 8) to base 11.
80733
What is -103666 (base 8) in base 15?
-a462
-21a5b5 (base 15) to base 2
-110000111101101000100
-3434405 (base 10) to base 16
-3467a5
What is 3e6a8d (base 15) in base 5?
1232301013
23306 (base 16) to base 12
6b4b2
-25536441 (base 7) to base 9
-4338523
-2192852 (base 10) to base 14
-411204
What is -22041064 (base 7) in base 9?
-3503761
2126303 (base 7) to base 13
90c2c
What is 1230133 (base 5) in base 4?
11303301
What is 23311421 (base 5) in base 2?
110100000101110001
Convert -1011452 (base 7) to base 13.
-42b9c
Convert 110101100111110010001 (base 2) to base 15.
24a933
What is 276c9 (base 15) in base 14?
340d8
-1378993 (base 11) to base 5
-1101302130
-202131213 (base 4) to base 13
-4c335
Convert -10000000110010 (base 2) to base 5.
-230432
What is -9377a (base 11) in base 2?
-100001010111111000
1108e4 (base 15) to base 7
6621250
-33513253 (base 6) to base 12
-412829
Convert 17466 (base 10) to base 6.
212510
What is 22022011010 (base 3) in base 4?
213321033
Convert 23b408 (base 14) to base 13.
33a202
-11b64 (base 14) to base 15
-ccd9
Convert 15639456 (base 10) to base 2.
111011101010001110100000
What is -2c70ac (base 15) in base 9?
-4036260
What is 35596 (base 10) in base 12?
18724
-220887 (base 11) to base 15
-6e667
140010553 (base 6) to base 4
22223303211
Convert 9c2c0c (base 14) to base 11.
2aa6a20
What is -238334 (base 10) in base 13?
-84635
What is -100111110000010100111101 (base 2) in base 3?
-201121110200220
a32a0 (base 12) to base 9
354103
Convert -721564 (base 8) to base 11.
-153175
What is -4930 (base 10) in base 9?
-6677
-602498 (base 11) to base 12
-3a9107
What is 216a53 (base 16) in base 5?
1030034112
Convert 101001100011110110000 (base 2) to base 15.
1bd795
What is -45766056 (base 8) in base 3?
-200201211121111
Convert -89208 (base 10) to base 13.
-317b2
Convert 435005511 (base 6) to base 11.
4442951
38a0d (base 14) to base 6
2552153
-130014131 (base 6) to base 3
-11202010001001
-924d3 (base 14) to base 2
-1010101111111001001
What is -11211220 (base 4) in base 2?
-101100101101000
560118 (base 9) to base 8
1215565
26311221 (base 7) to base 11
13a3948
Convert -33